t is the highest common factor of 6 and a?
2
Let a = 45 - -36. Suppose a + 99 = 5*z. What is the greatest common factor of z and 54?
18
Suppose 139 - 580 = -9*p. Let q(a) = a**3 - 8*a**2 + 7*a + 7. Let u be q(7). Calculate the highest common factor of p and u.
7
Suppose 104 = 10*a - 6*a - 2*u, -139 = -5*a - 2*u. Calculate the greatest common divisor of 243 and a.
27
Let b = 31 + -14. Suppose -b = 3*g - 5. Let t be 1*(3 - 111)/g. Calculate the greatest common factor of t and 9.
9
Suppose -2 = -2*b + 8*y - 4*y, 3*y + 6 = 0. Let l = b + 13. What is the highest common factor of 20 and l?
10
Suppose 4*i = 45 + 15. Let z be (4275/380)/((-9)/(-48)*2). Calculate the greatest common divisor of z and i.
15
Suppose -200 = -16*g + 12*g. Calculate the highest common divisor of g and 210.
10
Suppose -f = -4*b - 18, -4*f - 3*b + 129 = -0*b. Let a be 97/5 + f/50. Let h = 398 + -198. Calculate the highest common factor of a and h.
20
Let h(s) = -s**2 + 24*s + 30. Let v be h(24). Calculate the greatest common factor of v and 210.
30
Let t(s) = 7*s - 64. Let f be t(12). Let r be f/3 + 6/18. Calculate the greatest common divisor of r and 28.
7
Suppose -3*c - 2*t = -145, 11 = 4*t + 3. Calculate the highest common divisor of 47 and c.
47
Let s be (((-30)/(-45))/(3/702))/1. What is the highest common factor of 676 and s?
52
Let c be (-3 - 42/(-24)) + (-1154)/(-8). Calculate the greatest common divisor of c and 88.
11
Suppose 4*u = 2*r - 119 + 13, -3*r - 5*u + 115 = 0. Calculate the highest common factor of 9 and r.
9
Suppose 5*r + 25 = 260. Calculate the highest common divisor of r and 1363.
47
Let f be ((-2015)/(-620))/(1/12 - 0). What is the highest common factor of f and 1599?
39
Let j be 4 + ((-6)/(-9))/(14/399). Let q = -3 - -7. Suppose -2*l + 414 = q*r, 0 = -4*l + 5*r - r + 828. Calculate the highest common factor of l and j.
23
Let j = -43 - -154. Calculate the highest common factor of j and 3.
3
Let l = -939 + 950. What is the highest common factor of 22 and l?
11
Suppose -2*c - 12*c + 98 = 0. Calculate the greatest common factor of 63 and c.
7
Let w(v) = -v**3 + 11*v**2 + 62*v - 15. Let s be w(15). Suppose -3*l - 2*u + 129 = 0, -3*u = -4*u - 3. What is the highest common divisor of s and l?
15
Let l(u) = 41*u + 15*u - 11*u. Let b be l(3). Suppose 9 = -7*n + b. Calculate the greatest common divisor of n and 54.
18
Let t be 9/(-36) + 10/8. Let r be 9 - -8 - (0 - t). Suppose -5*x + r + 72 = 0. What is the highest common factor of x and 144?
18
Let v(h) = -16*h. Let n be v(-2). Let s be (26 - 5)*n/12. Calculate the greatest common factor of 8 and s.
8
Let l(u) = u**3 + 7*u**2 - 12*u + 2. Let z be l(-5). Calculate the highest common factor of z and 35.
7
Suppose 5*y + 51 + 38 = 3*n, 2*n = -2*y + 38. Let q(x) = 27*x - n*x + 60*x. Let h be q(2). Calculate the highest common factor of h and 16.
16
Let y = -1609 - -1635. Calculate the highest common divisor of y and 234.
26
Let l = -67 - -87. Suppose -5 = x - 3. Let n be (x + 0 + 1)*-4. Calculate the greatest common factor of l and n.
4
Let g(v) = -v**3 + 4*v**2 + 11*v - 2. Let k be g(-3). What is the highest common divisor of k and 35?
7
Let s be (-2 - (-1 - -1)) + 6. Let n = 6 + -2. Let x be n/18 - (-1576)/36. Calculate the highest common divisor of s and x.
4
Let b(z) = 7*z - 24. Let h = 45 + -39. Let v be b(h). What is the greatest common divisor of v and 18?
18
Suppose -2*p = -66 + 38. What is the greatest common factor of p and 21?
7
Let n(a) = -a**2 - 11*a + 39. Let g be n(-9). Calculate the highest common divisor of g and 152.
19
Let k = 27 + -16. Let s = -430 + 1035. Suppose -2*h - 3*h + s = 0. What is the greatest common factor of k and h?
11
Suppose 0 = z + 4*z - 25. Suppose -d = -z*h - 2350, -4*d - d = 3*h + 1438. Let l = -152 - h. What is the highest common divisor of l and 29?
29
Let l be 10/6 - (-19)/57. Let o be (-15)/(-12)*36/l*8. What is the highest common factor of 36 and o?
36
Suppose -1826 = -v - 557. What is the highest common factor of 47 and v?
47
Suppose 0 = 3*g + 6, y + 0 + 12 = -4*g. Let m be (-5*3/6)/(y/72). Calculate the greatest common divisor of 18 and m.
9
Let p(y) = 3*y**2 - 4*y**2 + 28 - 13*y - 49. Let k be p(-11). What is the highest common factor of k and 3?
1
Let i(l) = l**2 - 7*l - 5. Let p be i(-7). What is the highest common factor of 62 and p?
31
Let q = -1413 - -1417. Let w be 18/(-4) - (-2)/4. Let t = -3 - w. Calculate the highest common factor of t and q.
1
Let f = 1 - 0. Suppose m - 19 = 3*h, 4*m - 2 = -2*h + 4. Let b be 3 - (h - 0/4). Calculate the highest common divisor of f and b.
1
Let p = 87 - -21. Suppose -h + 54 = -v, 0*h = -2*h - 2*v + p. What is the highest common factor of 9 and h?
9
Let c = -82 + 67. Let o be ((c*2)/(-2))/(3/2). What is the highest common factor of o and 40?
10
Suppose 0*x = -5*x - 2*k + 878, k = -4*x + 703. Suppose 484 = 10*y + 12*y. Calculate the highest common divisor of x and y.
22
Let l = 364 + -358. Calculate the highest common factor of 8 and l.
2
Suppose 6*n = 92 - 8. Suppose 0 = t - 3*f + 5, -f = 5*t + 2*f + 7. Let l be t/(-3) + 3220/21. What is the greatest common divisor of n and l?
14
Let b = -30 - -21. Let m = -591 + 585. Let n be ((-28)/(-3))/(m/b). What is the highest common divisor of 7 and n?
7
Suppose 6*g - 2*g = -28. Let p(i) = -2*i**2 - 15*i + 8. Let o be p(g). Calculate the greatest common factor of o and 6.
3
Let h = -1137 - -1140. Suppose 13 = 2*p - 35. What is the greatest common divisor of h and p?
3
Let h be 15/6*16/10. Suppose -h*u + 56 = -0*u. Suppose i + 3 - 5 = -f, -2*i + 4*f = -4. What is the highest common divisor of u and i?
2
Let v(i) = i**3 + 14*i**2 + 9*i - 45. Let b be v(-9). Calculate the highest common factor of 9 and b.
9
Suppose -k - 4*l + 12 = -35, -4*k - 3*l = -136. Let p be 131*-3*(-3)/9. Suppose o - p = 86. Calculate the greatest common divisor of o and k.
31
Suppose h = 5, 5*f - 42 = 3*f - 4*h. What is the highest common factor of 253 and f?
11
Let q be ((-8)/10)/((-10)/(-25)) - -23. Suppose 5*b = 2*b + q. Calculate the greatest common divisor of b and 14.
7
Suppose 3*s - 541 = -4*r + 4*s, r + 4*s = 148. Suppose -4*l + 21 - 69 = 0. Let g = l - -29. What is the greatest common divisor of g and r?
17
Suppose 2*z = 2*h + 112, -4*z + 2 = -3*z. Let y = -31 - h. Calculate the greatest common divisor of y and 161.
23
Let a be (4/3)/((-102)/(-2601)). Calculate the greatest common factor of a and 119.
17
Let l = -13 + 12. Let i be l/(1*(-4)/(-8)). Let h be (3/(-5))/(i/250). Calculate the greatest common divisor of 15 and h.
15
Let j = 35 - 33. Suppose j*f - 5 = 29. Calculate the highest common factor of f and 1.
1
Let i(g) = 10 - 10*g + 13*g**2 - g**3 + 1 + 3*g + 6. Let l be i(12). Calculate the highest common divisor of l and 7.
7
Suppose g - 1 = 1. Suppose q = -3*b + 2*b + 2, -5*q = -b + g. Suppose a - 3 + 40 = 4*z, -b*a = 10. What is the highest common factor of 20 and z?
4
Let x(f) = 5*f - 9. Let o be x(-14). Let b = 111 + o. What is the highest common divisor of 80 and b?
16
Suppose 83*c = 75*c + 240. Calculate the highest common divisor of 50 and c.
10
Suppose -20 = -4*a, -3*n + 4*a = 2*a - 32. Suppose 0 = -7*x + 23 + 26. What is the greatest common factor of n and x?
7
Suppose 0 = 5*a + 2*c + 66, -c + 60 = -4*a - 5*c. Let j be ((-84)/a)/((-2)/(-84)). Calculate the highest common factor of j and 42.
42
Let m be ((-1)/1)/(-4*(-8)/(-22752)). Calculate the greatest common factor of 27 and m.
9
Let t(x) = -x**3 + 10*x**2 - x + 6. Let g be t(10). Let z be ((-6)/g)/((-9)/264). Let b = -28 - z. What is the greatest common divisor of 48 and b?
16
Suppose b = -4*t + 18, 2*t - 4*b = -0*b. Let j = 327 - 211. Let q be j/6 - (-6)/9. Calculate the greatest common factor of q and t.
4
Let h be (2/(-6))/(2/(-90)). Let y(d) = 3*d**2 - 11*d - 12. Let p be y(6). What is the highest common divisor of h and p?
15
Suppose 4*s = 60 - 20. Let h = s + 5. Let w = 186 - 126. Calculate the highest common factor of w and h.
15
Let r(d) = d**2 + 20*d + 70. Let x be r(-28). What is the greatest common divisor of 6 and x?
6
Let v be (-255)/34*(-84)/10. Suppose 4*m - m = v. Calculate the greatest common factor of m and 7.
7
Suppose -q - 5*j + 71 = 0, 2*j - 62 = -112*q + 111*q. What is the highest common factor of q and 182?
14
Le